e
Is 9533 composite?
False
Is 183385 a composite number?
True
Is 41991 prime?
False
Is 637933 composite?
False
Is 536909 a prime number?
True
Is 239711 a prime number?
True
Is 145013 composite?
True
Is 12371 a prime number?
False
Is 22501 composite?
False
Is 20173 composite?
False
Is 40217 composite?
True
Is 213121 composite?
True
Is 51109 a composite number?
False
Is 532663 prime?
True
Is 99103 a prime number?
True
Is 13513 prime?
True
Is 32534 a prime number?
False
Is 40787 a composite number?
False
Is 2243435 composite?
True
Is 13649 a prime number?
True
Is 65449 composite?
False
Is 3135079 composite?
False
Is 1139 a prime number?
False
Is 77951 a prime number?
True
Is 7039 a prime number?
True
Is 427301 a composite number?
True
Is 190339 prime?
True
Is 6389 composite?
False
Is 10033 a composite number?
True
Is 115201 prime?
True
Is 10481 prime?
False
Is 228814 a composite number?
True
Is 18397 a prime number?
True
Is 1353967 prime?
True
Is 57745 composite?
True
Is 50621 a prime number?
False
Is 9914 prime?
False
Is 5351 a composite number?
False
Is 3098297 a composite number?
False
Is 4279 composite?
True
Is 52991 composite?
True
Is 64481 prime?
False
Is 27841 a prime number?
False
Is 471997 prime?
True
Is 35201 a prime number?
True
Is 175841 prime?
False
Is 15439 a composite number?
False
Is 2729 a prime number?
True
Is 160255 composite?
True
Is 62273 a composite number?
False
Is 5513 a composite number?
True
Is 13589 prime?
False
Is 9757613 composite?
False
Is 169657 a composite number?
False
Is 31087 a prime number?
False
Is 20561 a prime number?
False
Is 521 composite?
False
Is 102607 a composite number?
False
Is 24599 a prime number?
False
Is 10063 a composite number?
True
Is 13217 composite?
False
Is 82171 a composite number?
False
Is 18101 a prime number?
False
Is 959 a composite number?
True
Is 232093 prime?
False
Is 221783 a prime number?
False
Is 34109 composite?
True
Is 1968739 a prime number?
True
Is 239671 a composite number?
False
Is 65407 a composite number?
False
Is 8441 a composite number?
True
Is 60969 prime?
False
Is 1238447 composite?
True
Is 47534 prime?
False
Is 143731 prime?
False
Is 9413 a composite number?
False
Is 40778 prime?
False
Is 368323 a composite number?
False
Is 95447 prime?
False
Is 8563 prime?
True
Is 13763 prime?
True
Is 6821 composite?
True
Is 791 composite?
True
Is 335089 composite?
False
Is 518405 prime?
False
Is 11579 a composite number?
False
Is 602191 prime?
False
Is 2621119 a composite number?
False
Is 47621 a prime number?
False
Is 9257 composite?
False
Is 10427 a composite number?
False
Is 83267 a composite number?
False
Is 118291 a prime number?
False
Is 51329 composite?
False
Is 1439 prime?
True
Is 11519 prime?
True
Is 3513 a composite number?
True
Is 1241 prime?
False
Is 1300553 prime?
True
Is 11369 a prime number?
True
Is 51131 prime?
True
Is 186887 a prime number?
False
Is 3715 composite?
True
Is 53961 a prime number?
False
Is 944893 composite?
False
Is 49157 composite?
False
Is 1322263 a composite number?
True
Is 99307 prime?
False
Is 131 composite?
False
Is 70937 composite?
False
Is 244367 prime?
True
Is 15151 prime?
False
Is 64401 composite?
True
Is 15815 composite?
True
Is 1009 prime?
True
Is 45943 prime?
True
Is 14501 a composite number?
True
Is 147377 a composite number?
False
Is 23849 a prime number?
False
Is 80039 composite?
False
Is 42041 a prime number?
False
Is 14117 composite?
True
Is 13835 prime?
False
Is 389269 a prime number?
True
Is 82711 a prime number?
False
Is 31721 a prime number?
True
Is 64901 prime?
True
Is 150959 composite?
False
Is 67831 a composite number?
True
Is 1655 a composite number?
True
Is 100715 a prime number?
False
Is 46313 a prime number?
False
Is 34403 composite?
False
Is 18949 prime?
False
Is 47777 a prime number?
True
Is 416219 a prime number?
True
Is 42433 prime?
True
Is 83441 prime?
False
Is 838961 prime?
False
Is 20261 prime?
True
Is 1241851 a composite number?
True
Is 60751 prime?
False
Is 411949 a prime number?
False
Is 14437 composite?
False
Is 5557 a prime number?
True
Is 122347 a composite number?
False
Is 20446 composite?
True
Is 65677 a prime number?
True
Is 39209 a composite number?
False
Is 872863 a prime number?
True
Is 1406553 a prime number?
False
Is 3547 prime?
True
Is 818 prime?
False
Is 751259 composite?
False
Is 5839 a composite number?
False
Is 120161 composite?
True
Is 64069 a prime number?
False
Is 9643 prime?
True
Is 35341 a prime number?
False
Is 118381 composite?
True
Is 189463 a prime number?
True
Is 3973 a composite number?
True
Is 90641 prime?
True
Is 244457 composite?
False
Is 236279 a prime number?
False
Is 306643 prime?
True
Is 61133 a prime number?
False
Is 93827 composite?
False
Is 117543 a composite number?
True
Is 49271 prime?
False
Is 2068999 composite?
False
Is 10007 a prime number?
True
Is 2898341 a composite number?
True
Is 15061 composite?
False
Is 45751 prime?
True
Is 299 a composite number?
True
Is 1497 composite?
True
Is 20783 a composite number?
True
Is 397673 composite?
False
Is 473699 a composite number?
True
Is 318037 composite?
True
Is 1894333 a composite number?
True
Is 22381 a composite number?
False
Is 374399 composite?
False
Is 280803 composite?
True
Is 57751 prime?
True
Is 16963 prime?
True
Is 1786211 a prime number?
False
Is 9113 a composite number?
True
Is 12203 a prime number?
True
Is 4841 a composite number?
True
Is 34337 a composite number?
False
Is 440371 a prime number?
True
Is 4229 composite?
False
Is 213299 a prime number?
False
Is 3251 composite?
False
Is 100031 composite?
True
Is 33463 a composite number?
True
Is 1923 a prime number?
False
Is 820993 a prime number?
False
Is 8039 composite?
False
Is 871039 a prime number?
False
Is 2101 a composite number?
True
Is 30029 prime?
True
Is 34971 a composite number?
True
Is 1481 composite?
False
Is 76931 composite?
True
Is 59539 a prime number?
True
Is 112679 a composite number?
True
Is 2295593 a prime number?
True
Is 9521 prime?
True
Is 253271 prime?
False
Is 61169 a composite number?
False
Is 48799 a composite number?
False
Is 18659 a composite number?
True
Is 76207 a composite number?
False
Is 19037 a prime number?
True
Is 388202 a composite number?
True
Is 119285 prime?
False
Is 292517 a composite number?
False
Is 231833 a prime number?
False
Is 18671 a prime number?
True
Is 9029 prime?
True
Is 183259 prime?
True
Is 208363 a prime number?
False
Is 291117 a prime number?
False
Is 71053 prime?
False
Is 65227 prime?
False
Is 21117 a prime number?
False
Is 1269529 a composite number?
False
Is 14281 prime?
True
Is 4262761 a composite number?
True
Is 557 a prime number?
True
Is 60397 a prime number?
True
Is 1483291 prime?
False
Is 1076279 composite?
False
Is 212183 a prime number?
True
Is 13709 a prime number?
True
Is 40611 a prime number?
False
Is 346565 a composite number?
True
Is 522959 a prime number?
True
Is 467765 composite?
True
Is 26813 composite?
False
Is 14119 a composite number?
True
Is 53569 a prime number?
True
Is 522811 a prime number?
True
Is 830191 a composite number?
False
Is 1381431 prime?
False
Is 7327 composite?
True
Is 9871 composite?
False
Is 5147 a prime number?
True
Is 2105 a prime number?
False
Is 26963 a prime number?
False
Is 185047 a composite number?
True
Is 203737 a prime number?
False
Is 2359 prime?
False
Is 9311 a composite number?
False
Is 42631 prime?
False
Is 5671 a prime number?
False
Is 52979 composite?
True
Is 119891 a composite number?
False
Is 42043 composite?
False
Is 25399 composite?
True
Is 330193 prime?
False
Is 19315 composite?
True
Is 733 prime?
True
Is 2001373 a composite number?
True
Is 4583 composite?
False
Is 60094 prime?
False
Is 78839 a prime number?
True
Is 100429 a composite number?
True
Is 2594 composite?
True
Is 230842 prime?
False
Is 64399 composite?
False
Is 14071 prime?
True
Is 200153 a composite number?
False
Is 773131 prime?
False
Is 93827 a composite number?
False
Is 259033 a composite number?
False
Is 3807173 composite?
False
Is 7817 prime?
True
Is 2285 a prime number?
False
Is 2498 prime?
False
Is 7331 prime?
True
Is 45439 prime?
True
Is 5779 a prime number?
True
Is 10713 a prime number?
False
Is 1136813 a composite number?
False
Is 177301 a composite number?
False
Is 7207 compos